ert -1 (base 8) to base 3.
-1
What is -29 (base 12) in base 7?
-45
Convert 6 (base 10) to base 6.
10
Convert -2 (base 7) to base 9.
-2
What is 27 (base 11) in base 12?
25
What is 202 (base 3) in base 10?
20
What is 0 (base 4) in base 6?
0
What is 1001 (base 3) in base 11?
26
Convert -31 (base 4) to base 11.
-12
Convert -104 (base 5) to base 2.
-11101
What is -2 (base 14) in base 10?
-2
-11 (base 16) to base 8
-21
-131 (base 7) to base 5
-241
Convert -113 (base 4) to base 16.
-17
-2 (base 9) to base 2
-10
-68 (base 10) to base 4
-1010
1b (base 14) to base 3
221
What is -3 (base 15) in base 4?
-3
-2 (base 9) to base 15
-2
-a (base 13) to base 16
-a
What is -122 (base 3) in base 14?
-13
Convert 47 (base 8) to base 10.
39
What is -4 (base 14) in base 8?
-4
1121 (base 4) to base 9
108
-135 (base 8) to base 7
-162
-2 (base 14) to base 12
-2
Convert -108 (base 9) to base 16.
-59
Convert 140 (base 14) to base 4.
3330
What is 1002 (base 3) in base 9?
32
1d (base 16) to base 12
25
-2 (base 15) to base 6
-2
What is -5f (base 16) in base 6?
-235
What is -100011 (base 2) in base 12?
-2b
2 (base 12) to base 9
2
What is -110 (base 2) in base 14?
-6
Convert 6 (base 14) to base 9.
6
What is 41 (base 11) in base 15?
30
Convert 0 (base 12) to base 6.
0
What is 200 (base 7) in base 2?
1100010
What is -46 (base 15) in base 7?
-123
-3 (base 14) to base 5
-3
Convert -17 (base 9) to base 8.
-20
Convert 2 (base 14) to base 5.
2
What is 13 (base 4) in base 12?
7
Convert 4 (base 12) to base 9.
4
3 (base 4) to base 7
3
11001 (base 2) to base 11
23
Convert -10 (base 3) to base 14.
-3
What is -61 (base 7) in base 16?
-2b
What is -11 (base 7) in base 10?
-8
-3 (base 5) to base 16
-3
Convert c (base 14) to base 5.
22
30 (base 10) to base 3
1010
Convert 51 (base 7) to base 4.
210
7 (base 10) to base 9
7
11101000 (base 2) to base 4
3220
1 (base 7) to base 8
1
Convert -3 (base 15) to base 12.
-3
What is 17 (base 15) in base 6?
34
b (base 12) to base 15
b
What is 67 (base 10) in base 7?
124
What is -7 (base 9) in base 2?
-111
Convert -305 (base 7) to base 3.
-12122
What is 5 (base 10) in base 4?
11
Convert 22 (base 12) to base 5.
101
Convert 14 (base 7) to base 4.
23
1201 (base 6) to base 11
243
What is 32 (base 15) in base 12?
3b
What is 101 (base 7) in base 2?
110010
40 (base 5) to base 4
110
Convert -126 (base 10) to base 5.
-1001
What is -19 (base 10) in base 8?
-23
Convert -1201 (base 3) to base 6.
-114
-43 (base 16) to base 8
-103
What is 5 (base 8) in base 9?
5
-25 (base 7) to base 9
-21
What is -4 (base 12) in base 16?
-4
What is -28 (base 14) in base 3?
-1100
Convert 1 (base 9) to base 14.
1
Convert 102 (base 13) to base 9.
210
What is 5 (base 6) in base 14?
5
8d (base 14) to base 4
1331
10 (base 9) to base 6
13
Convert 0 (base 16) to base 8.
0
Convert -23 (base 6) to base 13.
-12
Convert -50 (base 8) to base 14.
-2c
-b5 (base 12) to base 11
-115
What is 0 (base 3) in base 13?
0
2 (base 9) to base 15
2
Convert -37 (base 8) to base 10.
-31
Convert 7 (base 14) to base 2.
111
What is -40 (base 6) in base 7?
-33
2 (base 7) to base 4
2
What is 1 (base 5) in base 8?
1
39 (base 12) to base 3
1200
Convert 41 (base 8) to base 2.
100001
-29 (base 13) to base 16
-23
What is 225 (base 6) in base 13?
6b
Convert -25 (base 11) to base 14.
-1d
Convert -56 (base 7) to base 5.
-131
Convert 2 (base 4) to base 5.
2
2 (base 13) to base 11
2
Convert 46 (base 10) to base 8.
56
What is 1 (base 10) in base 6?
1
Convert 2 (base 15) to base 7.
2
Convert 412 (base 10) to base 16.
19c
Convert -7 (base 16) to base 12.
-7
Convert 11 (base 11) to base 5.
22
What is -12 (base 9) in base 15?
-b
Convert 6 (base 15) to base 8.
6
Convert 6c (base 16) to base 14.
7a
164 (base 9) to base 8
213
Convert 0 (base 2) to base 4.
0
What is 48 (base 9) in base 11?
40
What is -16 (base 15) in base 12?
-19
Convert -3a (base 13) to base 9.
-54
-12 (base 12) to base 4
-32
Convert -31 (base 4) to base 9.
-14
Convert 1 (base 16) to base 4.
1
Convert 5 (base 8) to base 7.
5
-1b (base 13) to base 11
-22
-7 (base 10) to base 5
-12
What is -11 (base 5) in base 8?
-6
Convert 69 (base 13) to base 4.
1113
116 (base 8) to base 9
86
-43 (base 7) to base 6
-51
What is -5 (base 8) in base 5?
-10
Convert 0 (base 10) to base 9.
0
Convert 3 (base 11) to base 13.
3
What is 1 (base 10) in base 4?
1
Convert -4 (base 13) to base 7.
-4
Convert -14 (base 10) to base 3.
-112
What is -131 (base 5) in base 3?
-1112
c (base 16) to base 11
11
What is 443 (base 9) in base 5?
2423
What is 6 (base 11) in base 8?
6
235 (base 6) to base 14
6b
Convert -1 (base 11) to base 6.
-1
Convert -36 (base 7) to base 3.
-1000
Convert -7 (base 15) to base 2.
-111
Convert -d (base 15) to base 4.
-31
10 (base 3) to base 14
3
Convert -37 (base 13) to base 2.
-101110
Convert 4 (base 9) to base 5.
4
What is 5 (base 14) in base 11?
5
What is 4 (base 8) in base 12?
4
What is -6 (base 10) in base 8?
-6
-10221 (base 4) to base 6
-1213
1 (base 8) to base 13
1
Convert -6 (base 8) to base 2.
-110
2 (base 10) to base 9
2
Convert -1001 (base 2) to base 4.
-21
What is -44 (base 11) in base 10?
-48
Convert 222 (base 4) to base 9.
46
-127 (base 13) to base 12
-14a
What is 19b (base 14) in base 11?
283
100 (base 2) to base 9
4
Convert 76 (base 8) to base 10.
62
What is -1102 (base 3) in base 12?
-32
11 (base 14) to base 15
10
What is -11 (base 3) in base 16?
-4
-22 (base 10) to base 8
-26
44 (base 6) to base 14
20
-400 (base 6) to base 7
-264
102 (base 3) to base 5
21
What is -a3 (base 12) in base 10?
-123
What is -332 (base 5) in base 6?
-232
What is 111 (base 2) in base 15?
7
What is -7 (base 8) in base 12?
-7
-9 (base 12) to base 4
-21
Convert -2 (base 13) to base 9.
-2
Convert 1011 (base 2) to base 10.
11
What is -19 (base 10) in base 13?
-16
112 (base 13) to base 5
1214
What is 214 (base 10) in base 2?
11010110
Convert -40 (base 8) to base 5.
-112
-22 (base 3) to base 4
-20
Convert -202 (base 3) to base 9.
-22
Convert 1 (base 4) to base 10.
1
What is 3 (base 4) in base 11?
3
What is -10 (base 12) in base 6?
-20
What is 6 (base 8) in base 6?
10
Convert -2 (base 10) to base 8.
-2
Convert 10001110 (base 2) to base 6.
354
Convert 1 (base 12) to base 10.
1
Convert -15 (base 11) to base 15.
-11
What is -6 (base 15) in base 14?
-6
Convert -4 (base 16) to base 4.
-10
65 (base 16) to base 13
7a
Convert -142 (base 8) to base 4.
-1202
What is -30 (base 11) in base 15?
-23
What is 1103 (base 5) in base 7?
306
Convert 11 (base 2) to base 10.
3
Convert 92 (base 14) to base 10.
128
Convert -11 (base 7) to base 16.
-8
Convert 70 (base 11) to base 16.
4d
Convert -2 (base 3) to base 10.
-2
What is 1000 (base 2) in base 16?
8
What is 15 (base 11) in base 6?
24
1f (base 16) to base 2
11111
Convert -3 (base 8) to base 14.
-3
What is -c8 (base 15) in base 5?
-1223
-4 (base 16) to base 13
-4
Convert 1010 (base 2) to base 11.
a
Convert 203 (base 6) to base 2.
1001011
e (base 15) to base 11
13
Convert -13 (base 16) to base 14.
-15
Convert 0 (base 16) to base 2.
0
Convert -278 (base 9) to base 8.
-351
What is 1 (base 2) in base 7?
1
What is 33 (base 15) in base 10?
48
20 (base 12) to base 4
120
-342 (base 7) to base 10
-177
-1013 (base 4) to base 5
-241
Convert -10 (base 2) to base 5.
-2
150 (base 11) to base 2
10110000
What is -c4 (base 15) in base 9?
-224
-64 (base 12) to base 16
-4c
-57 (base 8) to base 3
-1202
What is 46 (base 13) in base 4?
322
What is 1 (base 7) in base 13?
1
Convert 10 (base 12) to base 13.
c
Convert 80 (base 11) to base 13.
6a
What is 1302 (base 4) in base 14?
82
Convert 1 (base 13) to base 9.
1
-10 (base 3) to base 2
-11
Convert 100 (base 2) to base 13.
4
What is -3 (base 15) in base 16?
-3
64 (base 9) to base 13
46
What is 101 (base 2) in base 3?
12
-25 (base 11) to base 4
-123
Convert 3 (base 10) to base 15.
3
What is -3 (base 13) in base 16?
-3
-11021 (base 3) to base 8
-163
What is 118 (base 10) in base 11?
a8
Convert -4 (base 6) to base 13.
-4
Convert 62 (base 8) to base 12.
42
-20 (base 6) to base 13
-c
0 (base 7) to base 5
0
What is 10 (base 3) in base 16?
3
Convert -1 (base 6) to base 4.
-1
What is 1b (base 15) in base 7?
35
Convert 134 (base 7) to base 6.
202
What is a (base 13) in base 5?
20
What is -110 (base 7) in base 2?
-111000
What is -1a (base 13) in base 